
False
Is 3722873761 a prime number?
True
Is 22204565 prime?
False
Is 7842535387 a prime number?
False
Is 20240639513 composite?
False
Is 112184625337 composite?
True
Is 1621872211 prime?
True
Is 792484127 composite?
False
Is 595869361 a prime number?
False
Is 874182539 prime?
False
Is 928992857 prime?
False
Is 730777603 prime?
True
Is 13047070153 prime?
False
Is 8160725129 a composite number?
False
Is 165814091 prime?
False
Is 1411841647 a composite number?
False
Is 3437511109 prime?
False
Is 5894803003 composite?
True
Is 1602420913 a composite number?
False
Is 117840875261 composite?
True
Is 462579701 composite?
False
Is 22871180489 prime?
False
Is 68776899481 a composite number?
True
Is 2121268159 prime?
False
Is 4487970521 prime?
True
Is 2592243601 a prime number?
False
Is 20741914261 a composite number?
False
Is 8571094097 prime?
True
Is 452957434 a prime number?
False
Is 4871729411 composite?
True
Is 344443691 composite?
False
Is 904130239 a composite number?
False
Is 61729088251 a composite number?
True
Is 3948055483 a prime number?
True
Is 1751071219 prime?
True
Is 689568647 prime?
True
Is 16037971199 a composite number?
True
Is 61902251399 a composite number?
True
Is 11059027123 prime?
True
Is 40718129 composite?
False
Is 3640633 a composite number?
False
Is 116015789 prime?
True
Is 543442037 composite?
False
Is 619268119 a prime number?
True
Is 124537844303 a prime number?
False
Is 20661257833 composite?
False
Is 444157679 a prime number?
False
Is 4888702051 a prime number?
True
Is 42785747767 prime?
False
Is 2816192417 composite?
True
Is 2884060691 prime?
True
Is 403776743 a composite number?
True
Is 20398250539 a composite number?
False
Is 1162401811 prime?
False
Is 9714388039 composite?
True
Is 395538631 prime?
False
Is 31466827055 a composite number?
True
Is 2128821157 composite?
False
Is 75510641 prime?
False
Is 19422764311 prime?
False
Is 1105073329 prime?
True
Is 94705403521 a composite number?
False
Is 81233645485 a composite number?
True
Is 8410261829 a composite number?
False
Is 32439246491 composite?
False
Is 23212034929 prime?
False
Is 7158936101 a prime number?
True
Is 334558507 a composite number?
False
Is 247286153 prime?
True
Is 173211302989 a composite number?
False
Is 2048546171 a composite number?
True
Is 6896079637 a composite number?
True
Is 11923980577 a prime number?
False
Is 5802239449 a composite number?
False
Is 587457823 a prime number?
False
Is 474789308761 a composite number?
False
Is 276483523 a composite number?
False
Is 924567353 a composite number?
False
Is 21073525453 composite?
False
Is 44141087 prime?
True
Is 48181499 prime?
False
Is 788817853 a prime number?
True
Is 4104472319 prime?
False
Is 449302669 a prime number?
True
Is 511433893 composite?
False
Is 2819901041 a prime number?
True
Is 2073199343 composite?
True
Is 3270330953 a composite number?
True
Is 4324342433 a prime number?
False
Is 1251743939 prime?
False
Is 12024055819 prime?
True
Is 719412011 a composite number?
False
Is 1036545595 a composite number?
True
Is 10567360807 a composite number?
False
Is 532741666 prime?
False
Is 19008545111 a composite number?
False
Is 18810210227 prime?
True
Is 88686621053 a prime number?
True
Is 21220280941 a prime number?
True
Is 207752551 prime?
True
Is 155030683 composite?
False
Is 24471108071 a prime number?
True
Is 12741191417 composite?
False
Is 17091637127 composite?
False
Is 134670353 prime?
False
Is 5138358397 a prime number?
False
Is 1811681107 prime?
True
Is 157520432033 composite?
True
Is 2662202749 a prime number?
False
Is 189263629 a prime number?
False
Is 2285496365 composite?
True
Is 1153532659 prime?
False
Is 970418629 a composite number?
True
Is 29605909187 prime?
False
Is 3932338615 a prime number?
False
Is 2661209263 a composite number?
True
Is 61450039919 prime?
False
Is 1329707759 a prime number?
True
Is 10962329047 composite?
False
Is 188394583 prime?
False
Is 44239206581 prime?
False
Is 22898412113 composite?
False
Is 57509416873 prime?
True
Is 715323927 a composite number?
True
Is 6172316603 composite?
False
Is 10975078247 a prime number?
False
Is 165571664281 composite?
False
Is 18035915873 a prime number?
True
Is 81352303 composite?
True
Is 892110823 a prime number?
True
Is 381191439 a prime number?
False
Is 1794044411 composite?
False
Is 13543231847 composite?
True
Is 23906826103 prime?
False
Is 140972263 composite?
True
Is 28683469 composite?
False
Is 2395540451 prime?
True
Is 1225237697 prime?
False
Is 3158802415 a composite number?
True
Is 4035020021 a prime number?
True
Is 2290815227 a composite number?
True
Is 4282079653 a prime number?
True
Is 17125024571 composite?
False
Is 2771662757 a composite number?
True
Is 37677677 a composite number?
False
Is 541546939 prime?
True
Is 503506733 prime?
False
Is 378233333 a composite number?
False
Is 2473290901 a composite number?
True
Is 477193391 a composite number?
True
Is 4945363123 a prime number?
True
Is 17774718517 prime?
True
Is 2803421087 composite?
False
Is 681953563 a prime number?
True
Is 85773980119 prime?
True
Is 3981982387 a composite number?
True
Is 666450619 a composite number?
False
Is 137001617 prime?
False
Is 191729427 a prime number?
False
Is 909687287 a prime number?
False
Is 1222375559 composite?
False
Is 154743929 composite?
False
Is 57023896273 a prime number?
True
Is 174991417117 prime?
False
Is 1610836561 prime?
False
Is 99955911649 prime?
False
Is 10407049277 composite?
True
Is 552270349 composite?
False
Is 174407653531 composite?
False
Is 24683662001 prime?
True
Is 30739045787 a composite number?
True
Is 15232727869 prime?
True
Is 1006406591 prime?
True
Is 1279864021 composite?
True
Is 1360294951 composite?
True
Is 73974864503 prime?
True
Is 2341700369 prime?
False
Is 12582313397 composite?
False
Is 2659268239 composite?
False
Is 649295539 a prime number?
True
Is 528777631 a prime number?
True
Is 2942969879 a composite number?
False
Is 16890094817 composite?
True
Is 671047043 a composite number?
False
Is 28159453813 composite?
True
Is 162712283 composite?
False
Is 19949681933 prime?
True
Is 23146531449 composite?
True
Is 6216051766 a composite number?
True
Is 161050783 a prime number?
False
Is 104077463449 a prime number?
False
Is 110490329021 composite?
False
Is 1232669497 a composite number?
True
Is 67266054601 prime?
True
Is 30039485221 a prime number?
False
Is 124978615 composite?
True
Is 6494626813 a prime number?
False
Is 139073643377 a composite number?
False
Is 1370805433 prime?
True
Is 33249417617 a prime number?
False
Is 10057864723 prime?
True
Is 14587380109 composite?
False
Is 886982095 prime?
False
Is 1100879491 prime?
True
Is 133572359 a prime number?
False
Is 34050711769 a composite number?
True
Is 3750546571 composite?
False
Is 339717353 prime?
True
Is 1544030311 composite?
True
Is 97563914407 composite?
False
Is 190079863 prime?
True
Is 762658513 a prime number?
True
Is 8673900811 a composite number?
False
Is 159889844723 a prime number?
False
Is 363832459 a prime number?
True
Is 194051941 prime?
False
Is 95874763 composite?
False
Is 6462998299 a composite number?
False
Is 382341317 prime?
False
Is 3567191981 composite?
False
Is 1397693779 prime?
False
Is 24590734807 composite?
False
Is 83610463 composite?
False
Is 11020434083 a composite number?
False
Is 3768235117 a prime number?
True
Is 4991224127 composite?
False
Is 30806886697 composite?
True
Is 3615550313 a prime number?
False
Is 431658937 composite?
False
Is 2507762707 composite?
False
Is 1001203517 a composite number?
True
Is 3725388193 a composite number?
False
Is 1666656269 prime?
False
Is 3798917449 a prime number?
True
Is 807011039 a composite number?
True
Is 44120354753 a composite number?
False
Is 18795337807 composite?
True
Is 288552667 a prime number?
False
Is 3805806443 prime?
True
Is 28948282015 a prime number?
False
Is 214889599 a composite number?
True
Is 3945410663 a prime number?
False
Is 31855064573 prime?
False
Is 28375097923 prime?
True
Is 31723364977 a composite number?
False
Is 2388506937 prime?
False
Is 10962336001 a composite number?
True
Is 620548051 a prime number?
False
Is 208287883 a composite number?
False
Is 1132192507 composite?
True
Is 1057519213 a composite number?
True
Is 1756373911 a composit